composite number?
False
Is 178305209 composite?
True
Is 101079049 a prime number?
True
Is 216368663257 composite?
False
Is 2174170483 prime?
True
Is 51801817553 prime?
True
Is 8838601123 composite?
True
Is 459262379 a prime number?
True
Is 3750855763 a composite number?
True
Is 2073064811 prime?
True
Is 1087804649 a prime number?
False
Is 25591595467 a prime number?
True
Is 16181153671 a composite number?
False
Is 13481564407 a prime number?
False
Is 214853158567 composite?
False
Is 3540579673 prime?
False
Is 10872969959 a composite number?
True
Is 5007509623 composite?
True
Is 8712613303 prime?
True
Is 15926670761 prime?
True
Is 5796467485 a prime number?
False
Is 148089419 a composite number?
True
Is 5064179149 a prime number?
True
Is 110469433 composite?
False
Is 7042026611 prime?
True
Is 65665241 prime?
True
Is 3255036391 composite?
False
Is 333700495 prime?
False
Is 23736678429 a prime number?
False
Is 738351611 a composite number?
False
Is 6027020171 composite?
True
Is 2081474221 a composite number?
True
Is 4512073 composite?
False
Is 1392420451 composite?
False
Is 335330213 a prime number?
True
Is 21341254877 a prime number?
True
Is 4255540253 a composite number?
True
Is 1116215641 prime?
True
Is 40086945359 a prime number?
True
Is 1212551 a composite number?
False
Is 8385968389 a composite number?
False
Is 346706869 composite?
False
Is 62648419 a composite number?
True
Is 209711069 a prime number?
False
Is 30526477486 a prime number?
False
Is 5318907427 a composite number?
False
Is 11145783947 composite?
True
Is 2089255183 a prime number?
True
Is 2728945783 a composite number?
True
Is 580876057 a composite number?
True
Is 1223978263 composite?
True
Is 2788798703 a composite number?
False
Is 5134279493 a prime number?
False
Is 3590078 a prime number?
False
Is 31618985987 a composite number?
False
Is 96608835229 prime?
True
Is 1934217383 prime?
False
Is 94207324573 a composite number?
False
Is 27058481357 composite?
False
Is 153502042 prime?
False
Is 6055520839 a composite number?
False
Is 896526769 prime?
True
Is 406031267 composite?
False
Is 2125885087 prime?
False
Is 2442798571 prime?
False
Is 520698089 a composite number?
True
Is 3979820843 composite?
True
Is 524343541 a prime number?
False
Is 121758165811 a prime number?
True
Is 1371335573 prime?
True
Is 3708232469 a composite number?
False
Is 126722449691 composite?
False
Is 13114094261 composite?
False
Is 2237632333 a prime number?
False
Is 43539645151 a composite number?
False
Is 16958177333 a composite number?
False
Is 65153971 a prime number?
False
Is 33258230141 composite?
True
Is 930131161 a composite number?
True
Is 1650010421 composite?
False
Is 948994271 composite?
False
Is 372046327 a composite number?
True
Is 22495615511 composite?
True
Is 13657769497 a prime number?
False
Is 5381312177 a composite number?
False
Is 1953477083 a prime number?
False
Is 6051776911 a composite number?
True
Is 599770763 composite?
False
Is 494842393 a composite number?
False
Is 43685701879 a prime number?
True
Is 23410180201 prime?
False
Is 1190037757 prime?
False
Is 52972113 a prime number?
False
Is 19523996351 composite?
True
Is 1428551539 composite?
False
Is 4812501427 composite?
True
Is 170781822017 prime?
False
Is 3407348279 prime?
True
Is 1959879379 composite?
True
Is 31647373658 prime?
False
Is 257409197 a composite number?
False
Is 11043408787 prime?
True
Is 16912056911 a composite number?
False
Is 1101949703 prime?
False
Is 5645069663 a composite number?
False
Is 46880798059 a composite number?
True
Is 133811354263 prime?
True
Is 305794514 prime?
False
Is 4787944253 prime?
True
Is 3237992341 a prime number?
True
Is 3339626441 a composite number?
True
Is 56154375943 prime?
True
Is 105754811 a prime number?
False
Is 3259865689 a composite number?
True
Is 1700080237 a prime number?
False
Is 12226585333 prime?
False
Is 2348341663 prime?
True
Is 12021488155 a composite number?
True
Is 506461469 a prime number?
False
Is 3643910863 composite?
False
Is 184125978293 composite?
True
Is 698841595 prime?
False
Is 6605822467 composite?
False
Is 2999558841 prime?
False
Is 630455071 a composite number?
False
Is 1548098623 prime?
False
Is 44336710067 prime?
False
Is 1038328723 a composite number?
True
Is 7994868001 a composite number?
True
Is 7084457519 prime?
True
Is 56253557149 composite?
False
Is 1899773138 composite?
True
Is 279967249 composite?
True
Is 2803688857 a prime number?
False
Is 67879327531 composite?
True
Is 827751905 a composite number?
True
Is 2681947123 a composite number?
False
Is 3561618059 composite?
True
Is 5678267839 a prime number?
False
Is 2752928219 composite?
True
Is 1216664723 a composite number?
False
Is 5744739423 composite?
True
Is 327332507 a prime number?
False
Is 1173064183 a composite number?
False
Is 102227678813 a composite number?
True
Is 1987226069 prime?
True
Is 138866347327 a prime number?
True
Is 3022830787 a composite number?
False
Is 702867923 composite?
False
Is 12445148519 a prime number?
False
Is 255317371 prime?
False
Is 373987253 composite?
True
Is 287021783 prime?
False
Is 259421320097 prime?
True
Is 409829831 a prime number?
False
Is 58907897 a composite number?
False
Is 13862138167 composite?
False
Is 29531060369 a prime number?
True
Is 19826142079 composite?
False
Is 17869934737 a prime number?
False
Is 54017180807 composite?
False
Is 1009935518 composite?
True
Is 1033420471 a prime number?
False
Is 15703643 composite?
True
Is 2700030215 composite?
True
Is 54528598831 a prime number?
False
Is 97839563 a composite number?
True
Is 12992882999 composite?
False
Is 13023092059 prime?
False
Is 2143580839 a prime number?
False
Is 864269801 composite?
True
Is 27525415669 a composite number?
True
Is 162185690219 a prime number?
False
Is 129347903 a prime number?
False
Is 2669617583 a composite number?
False
Is 13085920669 a composite number?
False
Is 405228983 prime?
False
Is 3114759721 composite?
False
Is 759873623 a composite number?
True
Is 4272186133 a prime number?
True
Is 34734756593 a prime number?
True
Is 1584941851 composite?
False
Is 5441671891 a composite number?
True
Is 1596229651 a composite number?
True
Is 83123639357 prime?
False
Is 76859261033 a prime number?
False
Is 2099401079 composite?
False
Is 33440489827 prime?
True
Is 37733765387 a prime number?
False
Is 115018759 a prime number?
False
Is 97223083 prime?
True
Is 864812638 prime?
False
Is 16900837961 a prime number?
False
Is 2119541023 a prime number?
True
Is 2168213831 a prime number?
False
Is 5637655037 a prime number?
False
Is 526492427 composite?
False
Is 5720687813 a prime number?
False
Is 9005996119 prime?
True
Is 66507827501 a prime number?
False
Is 8887391729 a composite number?
True
Is 5945665883 a prime number?
False
Is 6494632687 a prime number?
False
Is 156511410857 a composite number?
False
Is 210405105523 prime?
False
Is 242253395 a composite number?
True
Is 254249278 a prime number?
False
Is 82733486807 a prime number?
False
Is 2072466967 prime?
False
Is 131613151391 prime?
True
Is 149705783 a composite number?
False
Is 4305692563 composite?
True
Is 2862379253 a composite number?
False
Is 1339248463 a prime number?
False
Is 1077262939 composite?
True
Is 3059104687 a prime number?
True
Is 610833253 a prime number?
True
Is 12641081351 a composite number?
False
Is 2881710521 prime?
True
Is 1826740957 a composite number?
True
Is 3673580419 a prime number?
True
Is 865802953 composite?
False
Is 28304351 prime?
False
Is 1584982561 composite?
False
Is 667968347 prime?
True
Is 523555453 a composite number?
False
Is 308759431 a prime number?
True
Is 194874551 a prime number?
False
Is 2319173321 prime?
False
Is 6102120111 a prime number?
False
Is 445955753 composite?
False
Is 2668061699 a prime number?
True
Is 3149420609 a prime number?
True
Is 221895563 composite?
False
Is 29949044527 a prime number?
False
Is 205309386137 prime?
False
Is 772795297 a prime number?
True
Is 4216073269 a prime number?
False
Is 30852165763 composite?
False
Is 1554931138 composite?
True
Is 2484753547 composite?
False
Is 14676665609 a composite number?
True
Is 62772389729 prime?
False
Is 2344283389 a composite number?
True
Is 307430381 composite?
True
Is 945559709 a composite number?
False
Is 60453